{"id":10,"date":"2019-10-29T10:20:22","date_gmt":"2019-10-29T09:20:22","guid":{"rendered":"http:\/\/www.yrseh-consulting.com\/?page_id=10"},"modified":"2020-04-30T18:22:31","modified_gmt":"2020-04-30T16:22:31","slug":"contact","status":"publish","type":"page","link":"https:\/\/www.yrseh-consulting.com\/index.php\/contact\/","title":{"rendered":"Contact"},"content":{"rendered":"<p>YRSEH Consulting est bas\u00e9e en France \u00e0 Reims (51).<\/p>\n<p>Pour votre 1er rendez-vous, contacter directement Jean-Fran\u00e7ois Hesry<br \/>&gt;&gt; <a href=\"mailto:contact@yrseh-consulting.com\">Contactez-nous par mail\u00a0<\/a><br \/>&gt;&gt; Par t\u00e9l\u00e9phone : +33.(6) 67 54 64 65<\/p>\n\n\n<p><\/p>\n","protected":false},"excerpt":{"rendered":"<p>YRSEH Consulting est bas\u00e9e en France \u00e0 Reims (51). Pour votre 1er rendez-vous, contacter directement Jean-Fran\u00e7ois Hesry&gt;&gt; Contactez-nous par mail\u00a0&gt;&gt; Par t\u00e9l\u00e9phone : +33.(6) 67 54 64 65<\/p>\n","protected":false},"author":1,"featured_media":38,"parent":0,"menu_order":0,"comment_status":"closed","ping_status":"closed","template":"","meta":{"footnotes":""},"class_list":["post-10","page","type-page","status-publish","has-post-thumbnail","hentry"],"_links":{"self":[{"href":"https:\/\/www.yrseh-consulting.com\/index.php\/wp-json\/wp\/v2\/pages\/10","targetHints":{"allow":["GET"]}}],"collection":[{"href":"https:\/\/www.yrseh-consulting.com\/index.php\/wp-json\/wp\/v2\/pages"}],"about":[{"href":"https:\/\/www.yrseh-consulting.com\/index.php\/wp-json\/wp\/v2\/types\/page"}],"author":[{"embeddable":true,"href":"https:\/\/www.yrseh-consulting.com\/index.php\/wp-json\/wp\/v2\/users\/1"}],"replies":[{"embeddable":true,"href":"https:\/\/www.yrseh-consulting.com\/index.php\/wp-json\/wp\/v2\/comments?post=10"}],"version-history":[{"count":4,"href":"https:\/\/www.yrseh-consulting.com\/index.php\/wp-json\/wp\/v2\/pages\/10\/revisions"}],"predecessor-version":[{"id":75,"href":"https:\/\/www.yrseh-consulting.com\/index.php\/wp-json\/wp\/v2\/pages\/10\/revisions\/75"}],"wp:featuredmedia":[{"embeddable":true,"href":"https:\/\/www.yrseh-consulting.com\/index.php\/wp-json\/wp\/v2\/media\/38"}],"wp:attachment":[{"href":"https:\/\/www.yrseh-consulting.com\/index.php\/wp-json\/wp\/v2\/media?parent=10"}],"curies":[{"name":"wp","href":"https:\/\/api.w.org\/{rel}","templated":true}]}}